{"id":166,"date":"2021-01-20T16:28:35","date_gmt":"2021-01-20T15:28:35","guid":{"rendered":"http:\/\/fillmoreevasion.be\/?page_id=166"},"modified":"2023-03-27T13:43:04","modified_gmt":"2023-03-27T11:43:04","slug":"les-equipements","status":"publish","type":"page","link":"https:\/\/fillmoreevasion.be\/?page_id=166","title":{"rendered":"Les \u00e9quipements"},"content":{"rendered":"\n<p>Fillmore est le camping car de notre famille. A ce titre, il est \u00e9quip\u00e9 de tout ce qui est n\u00e9cessaire pour passer agr\u00e9ablement les vacances. Tous ces \u00e9quipements sont compris dans la location et accompagnent Fillmore dans tous ses d\u00e9placements.<\/p>\n\n\n\n<p><\/p>\n\n\n\n<p class=\"has-large-font-size\">Les \u00e9quipements<\/p>\n\n\n\n<figure class=\"wp-block-gallery columns-3 is-cropped\"><ul class=\"blocks-gallery-grid\"><li class=\"blocks-gallery-item\"><figure><img loading=\"lazy\" width=\"768\" height=\"1024\" src=\"http:\/\/fillmoreevasion.be\/wp-content\/uploads\/2022\/12\/porte-velo-ouvert-1-768x1024.jpg\" alt=\"\" data-id=\"799\" data-link=\"http:\/\/fillmoreevasion.be\/?attachment_id=799\" class=\"wp-image-799\" srcset=\"https:\/\/fillmoreevasion.be\/wp-content\/uploads\/2022\/12\/porte-velo-ouvert-1-768x1024.jpg 768w, https:\/\/fillmoreevasion.be\/wp-content\/uploads\/2022\/12\/porte-velo-ouvert-1-225x300.jpg 225w, https:\/\/fillmoreevasion.be\/wp-content\/uploads\/2022\/12\/porte-velo-ouvert-1-1152x1536.jpg 1152w, https:\/\/fillmoreevasion.be\/wp-content\/uploads\/2022\/12\/porte-velo-ouvert-1-1536x2048.jpg 1536w, https:\/\/fillmoreevasion.be\/wp-content\/uploads\/2022\/12\/porte-velo-ouvert-1-scaled.jpg 1920w\" sizes=\"(max-width: 768px) 100vw, 768px\" \/><figcaption class=\"blocks-gallery-item__caption\">porte 4 v\u00e9los<\/figcaption><\/figure><\/li><li class=\"blocks-gallery-item\"><figure><img loading=\"lazy\" width=\"1024\" height=\"768\" src=\"http:\/\/fillmoreevasion.be\/wp-content\/uploads\/2021\/02\/IMG_20210213_144149-1024x768.jpg\" alt=\"\" data-id=\"304\" data-link=\"http:\/\/fillmoreevasion.be\/?attachment_id=304\" class=\"wp-image-304\" srcset=\"https:\/\/fillmoreevasion.be\/wp-content\/uploads\/2021\/02\/IMG_20210213_144149-1024x768.jpg 1024w, https:\/\/fillmoreevasion.be\/wp-content\/uploads\/2021\/02\/IMG_20210213_144149-300x225.jpg 300w, https:\/\/fillmoreevasion.be\/wp-content\/uploads\/2021\/02\/IMG_20210213_144149-768x576.jpg 768w, https:\/\/fillmoreevasion.be\/wp-content\/uploads\/2021\/02\/IMG_20210213_144149-1536x1152.jpg 1536w, https:\/\/fillmoreevasion.be\/wp-content\/uploads\/2021\/02\/IMG_20210213_144149-2048x1536.jpg 2048w\" sizes=\"(max-width: 1024px) 100vw, 1024px\" \/><figcaption class=\"blocks-gallery-item__caption\">plancha<\/figcaption><\/figure><\/li><li class=\"blocks-gallery-item\"><figure><img loading=\"lazy\" width=\"768\" height=\"1024\" src=\"http:\/\/fillmoreevasion.be\/wp-content\/uploads\/2022\/12\/Plancha-1-768x1024.jpg\" alt=\"\" data-id=\"800\" data-link=\"http:\/\/fillmoreevasion.be\/?attachment_id=800\" class=\"wp-image-800\" srcset=\"https:\/\/fillmoreevasion.be\/wp-content\/uploads\/2022\/12\/Plancha-1-768x1024.jpg 768w, https:\/\/fillmoreevasion.be\/wp-content\/uploads\/2022\/12\/Plancha-1-225x300.jpg 225w, https:\/\/fillmoreevasion.be\/wp-content\/uploads\/2022\/12\/Plancha-1-1152x1536.jpg 1152w, https:\/\/fillmoreevasion.be\/wp-content\/uploads\/2022\/12\/Plancha-1-1536x2048.jpg 1536w, https:\/\/fillmoreevasion.be\/wp-content\/uploads\/2022\/12\/Plancha-1-scaled.jpg 1920w\" sizes=\"(max-width: 768px) 100vw, 768px\" \/><figcaption class=\"blocks-gallery-item__caption\">plancha gaz<\/figcaption><\/figure><\/li><li class=\"blocks-gallery-item\"><figure><img loading=\"lazy\" width=\"1024\" height=\"768\" src=\"http:\/\/fillmoreevasion.be\/wp-content\/uploads\/2021\/02\/IMG_20210213_144420-1024x768.jpg\" alt=\"\" data-id=\"305\" data-link=\"http:\/\/fillmoreevasion.be\/?attachment_id=305\" class=\"wp-image-305\" srcset=\"https:\/\/fillmoreevasion.be\/wp-content\/uploads\/2021\/02\/IMG_20210213_144420-1024x768.jpg 1024w, https:\/\/fillmoreevasion.be\/wp-content\/uploads\/2021\/02\/IMG_20210213_144420-300x225.jpg 300w, https:\/\/fillmoreevasion.be\/wp-content\/uploads\/2021\/02\/IMG_20210213_144420-768x576.jpg 768w, https:\/\/fillmoreevasion.be\/wp-content\/uploads\/2021\/02\/IMG_20210213_144420-1536x1152.jpg 1536w, https:\/\/fillmoreevasion.be\/wp-content\/uploads\/2021\/02\/IMG_20210213_144420-2048x1536.jpg 2048w\" sizes=\"(max-width: 1024px) 100vw, 1024px\" \/><figcaption class=\"blocks-gallery-item__caption\">2 relax<\/figcaption><\/figure><\/li><li class=\"blocks-gallery-item\"><figure><img loading=\"lazy\" width=\"768\" height=\"1024\" src=\"http:\/\/fillmoreevasion.be\/wp-content\/uploads\/2021\/02\/IMG_20210213_144736-768x1024.jpg\" alt=\"\" data-id=\"306\" data-link=\"http:\/\/fillmoreevasion.be\/?attachment_id=306\" class=\"wp-image-306\" srcset=\"https:\/\/fillmoreevasion.be\/wp-content\/uploads\/2021\/02\/IMG_20210213_144736-768x1024.jpg 768w, https:\/\/fillmoreevasion.be\/wp-content\/uploads\/2021\/02\/IMG_20210213_144736-225x300.jpg 225w, https:\/\/fillmoreevasion.be\/wp-content\/uploads\/2021\/02\/IMG_20210213_144736-1152x1536.jpg 1152w, https:\/\/fillmoreevasion.be\/wp-content\/uploads\/2021\/02\/IMG_20210213_144736-1536x2048.jpg 1536w, https:\/\/fillmoreevasion.be\/wp-content\/uploads\/2021\/02\/IMG_20210213_144736-scaled.jpg 1920w\" sizes=\"(max-width: 768px) 100vw, 768px\" \/><figcaption class=\"blocks-gallery-item__caption\">1 grande table et 4 chaises<\/figcaption><\/figure><\/li><li class=\"blocks-gallery-item\"><figure><img loading=\"lazy\" width=\"1024\" height=\"768\" src=\"http:\/\/fillmoreevasion.be\/wp-content\/uploads\/2021\/02\/IMG_20210213_145820-1024x768.jpg\" alt=\"\" data-id=\"309\" data-link=\"http:\/\/fillmoreevasion.be\/?attachment_id=309\" class=\"wp-image-309\" srcset=\"https:\/\/fillmoreevasion.be\/wp-content\/uploads\/2021\/02\/IMG_20210213_145820-1024x768.jpg 1024w, https:\/\/fillmoreevasion.be\/wp-content\/uploads\/2021\/02\/IMG_20210213_145820-300x225.jpg 300w, https:\/\/fillmoreevasion.be\/wp-content\/uploads\/2021\/02\/IMG_20210213_145820-768x576.jpg 768w, https:\/\/fillmoreevasion.be\/wp-content\/uploads\/2021\/02\/IMG_20210213_145820-1536x1152.jpg 1536w, https:\/\/fillmoreevasion.be\/wp-content\/uploads\/2021\/02\/IMG_20210213_145820-2048x1536.jpg 2048w\" sizes=\"(max-width: 1024px) 100vw, 1024px\" \/><figcaption class=\"blocks-gallery-item__caption\">2 cales de mise \u00e0 niveau<\/figcaption><\/figure><\/li><li class=\"blocks-gallery-item\"><figure><img loading=\"lazy\" width=\"768\" height=\"1024\" src=\"http:\/\/fillmoreevasion.be\/wp-content\/uploads\/2021\/02\/IMG_20210213_150940-768x1024.jpg\" alt=\"\" data-id=\"314\" data-link=\"http:\/\/fillmoreevasion.be\/?attachment_id=314\" class=\"wp-image-314\" srcset=\"https:\/\/fillmoreevasion.be\/wp-content\/uploads\/2021\/02\/IMG_20210213_150940-768x1024.jpg 768w, https:\/\/fillmoreevasion.be\/wp-content\/uploads\/2021\/02\/IMG_20210213_150940-225x300.jpg 225w, https:\/\/fillmoreevasion.be\/wp-content\/uploads\/2021\/02\/IMG_20210213_150940-1152x1536.jpg 1152w, https:\/\/fillmoreevasion.be\/wp-content\/uploads\/2021\/02\/IMG_20210213_150940-1536x2048.jpg 1536w, https:\/\/fillmoreevasion.be\/wp-content\/uploads\/2021\/02\/IMG_20210213_150940-scaled.jpg 1920w\" sizes=\"(max-width: 768px) 100vw, 768px\" \/><figcaption class=\"blocks-gallery-item__caption\">bonbonne LPG<\/figcaption><\/figure><\/li><li class=\"blocks-gallery-item\"><figure><img loading=\"lazy\" width=\"768\" height=\"1024\" src=\"http:\/\/fillmoreevasion.be\/wp-content\/uploads\/2021\/02\/IMG_20210213_145923-768x1024.jpg\" alt=\"\" data-id=\"310\" data-link=\"http:\/\/fillmoreevasion.be\/?attachment_id=310\" class=\"wp-image-310\" srcset=\"https:\/\/fillmoreevasion.be\/wp-content\/uploads\/2021\/02\/IMG_20210213_145923-768x1024.jpg 768w, https:\/\/fillmoreevasion.be\/wp-content\/uploads\/2021\/02\/IMG_20210213_145923-225x300.jpg 225w, https:\/\/fillmoreevasion.be\/wp-content\/uploads\/2021\/02\/IMG_20210213_145923-1152x1536.jpg 1152w, https:\/\/fillmoreevasion.be\/wp-content\/uploads\/2021\/02\/IMG_20210213_145923-1536x2048.jpg 1536w, https:\/\/fillmoreevasion.be\/wp-content\/uploads\/2021\/02\/IMG_20210213_145923-scaled.jpg 1920w\" sizes=\"(max-width: 768px) 100vw, 768px\" \/><figcaption class=\"blocks-gallery-item__caption\">n\u00e9cessaire \u00e9lectricit\u00e9 et eau<\/figcaption><\/figure><\/li><li class=\"blocks-gallery-item\"><figure><img loading=\"lazy\" width=\"1024\" height=\"768\" src=\"http:\/\/fillmoreevasion.be\/wp-content\/uploads\/2023\/03\/convertisseur12-220-1024x768.jpg\" alt=\"\" data-id=\"843\" data-link=\"http:\/\/fillmoreevasion.be\/?attachment_id=843\" class=\"wp-image-843\" srcset=\"https:\/\/fillmoreevasion.be\/wp-content\/uploads\/2023\/03\/convertisseur12-220-1024x768.jpg 1024w, https:\/\/fillmoreevasion.be\/wp-content\/uploads\/2023\/03\/convertisseur12-220-300x225.jpg 300w, https:\/\/fillmoreevasion.be\/wp-content\/uploads\/2023\/03\/convertisseur12-220-768x576.jpg 768w, https:\/\/fillmoreevasion.be\/wp-content\/uploads\/2023\/03\/convertisseur12-220-1536x1152.jpg 1536w, https:\/\/fillmoreevasion.be\/wp-content\/uploads\/2023\/03\/convertisseur12-220-2048x1536.jpg 2048w\" sizes=\"(max-width: 1024px) 100vw, 1024px\" \/><figcaption class=\"blocks-gallery-item__caption\">convertisseur 12-220V<\/figcaption><\/figure><\/li><li class=\"blocks-gallery-item\"><figure><img loading=\"lazy\" width=\"1024\" height=\"768\" src=\"http:\/\/fillmoreevasion.be\/wp-content\/uploads\/2021\/02\/IMG_20210213_160425-1024x768.jpg\" alt=\"\" data-id=\"320\" data-link=\"http:\/\/fillmoreevasion.be\/?attachment_id=320\" class=\"wp-image-320\" srcset=\"https:\/\/fillmoreevasion.be\/wp-content\/uploads\/2021\/02\/IMG_20210213_160425-1024x768.jpg 1024w, https:\/\/fillmoreevasion.be\/wp-content\/uploads\/2021\/02\/IMG_20210213_160425-300x225.jpg 300w, https:\/\/fillmoreevasion.be\/wp-content\/uploads\/2021\/02\/IMG_20210213_160425-768x576.jpg 768w, https:\/\/fillmoreevasion.be\/wp-content\/uploads\/2021\/02\/IMG_20210213_160425-1536x1152.jpg 1536w, https:\/\/fillmoreevasion.be\/wp-content\/uploads\/2021\/02\/IMG_20210213_160425-2048x1536.jpg 2048w\" sizes=\"(max-width: 1024px) 100vw, 1024px\" \/><figcaption class=\"blocks-gallery-item__caption\">vaisselle<\/figcaption><\/figure><\/li><li class=\"blocks-gallery-item\"><figure><img loading=\"lazy\" width=\"1024\" height=\"768\" src=\"http:\/\/fillmoreevasion.be\/wp-content\/uploads\/2021\/02\/IMG_20210213_160446-1024x768.jpg\" alt=\"\" data-id=\"321\" data-link=\"http:\/\/fillmoreevasion.be\/?attachment_id=321\" class=\"wp-image-321\" srcset=\"https:\/\/fillmoreevasion.be\/wp-content\/uploads\/2021\/02\/IMG_20210213_160446-1024x768.jpg 1024w, https:\/\/fillmoreevasion.be\/wp-content\/uploads\/2021\/02\/IMG_20210213_160446-300x225.jpg 300w, https:\/\/fillmoreevasion.be\/wp-content\/uploads\/2021\/02\/IMG_20210213_160446-768x576.jpg 768w, https:\/\/fillmoreevasion.be\/wp-content\/uploads\/2021\/02\/IMG_20210213_160446-1536x1152.jpg 1536w, https:\/\/fillmoreevasion.be\/wp-content\/uploads\/2021\/02\/IMG_20210213_160446-2048x1536.jpg 2048w\" sizes=\"(max-width: 1024px) 100vw, 1024px\" \/><figcaption class=\"blocks-gallery-item__caption\">couverts et ustensiles<\/figcaption><\/figure><\/li><li class=\"blocks-gallery-item\"><figure><img loading=\"lazy\" width=\"768\" height=\"1024\" src=\"http:\/\/fillmoreevasion.be\/wp-content\/uploads\/2023\/03\/casseroles-768x1024.jpg\" alt=\"\" data-id=\"842\" data-link=\"http:\/\/fillmoreevasion.be\/?attachment_id=842\" class=\"wp-image-842\" srcset=\"https:\/\/fillmoreevasion.be\/wp-content\/uploads\/2023\/03\/casseroles-768x1024.jpg 768w, https:\/\/fillmoreevasion.be\/wp-content\/uploads\/2023\/03\/casseroles-225x300.jpg 225w, https:\/\/fillmoreevasion.be\/wp-content\/uploads\/2023\/03\/casseroles-1152x1536.jpg 1152w, https:\/\/fillmoreevasion.be\/wp-content\/uploads\/2023\/03\/casseroles-1536x2048.jpg 1536w, https:\/\/fillmoreevasion.be\/wp-content\/uploads\/2023\/03\/casseroles-scaled.jpg 1920w\" sizes=\"(max-width: 768px) 100vw, 768px\" \/><figcaption class=\"blocks-gallery-item__caption\">batterie de cuisine<\/figcaption><\/figure><\/li><li class=\"blocks-gallery-item\"><figure><img loading=\"lazy\" width=\"1024\" height=\"768\" src=\"http:\/\/fillmoreevasion.be\/wp-content\/uploads\/2023\/03\/microondes-1024x768.jpg\" alt=\"\" data-id=\"845\" data-full-url=\"http:\/\/fillmoreevasion.be\/wp-content\/uploads\/2023\/03\/microondes-scaled.jpg\" data-link=\"http:\/\/fillmoreevasion.be\/?attachment_id=845\" class=\"wp-image-845\" srcset=\"https:\/\/fillmoreevasion.be\/wp-content\/uploads\/2023\/03\/microondes-1024x768.jpg 1024w, https:\/\/fillmoreevasion.be\/wp-content\/uploads\/2023\/03\/microondes-300x225.jpg 300w, https:\/\/fillmoreevasion.be\/wp-content\/uploads\/2023\/03\/microondes-768x576.jpg 768w, https:\/\/fillmoreevasion.be\/wp-content\/uploads\/2023\/03\/microondes-1536x1152.jpg 1536w, https:\/\/fillmoreevasion.be\/wp-content\/uploads\/2023\/03\/microondes-2048x1536.jpg 2048w\" sizes=\"(max-width: 1024px) 100vw, 1024px\" \/><figcaption class=\"blocks-gallery-item__caption\">micro-ondes<\/figcaption><\/figure><\/li><\/ul><\/figure>\n\n\n\n<ul><li>Porte 4 v\u00e9los pour un poids de chargement de max 60Kg ce qui \u00e9quivaut \u00e0 :<ul><li>4 v\u00e9los normaux<\/li><li>2 v\u00e9los normaux + 1 \u00e9lectrique<\/li><li>2 v\u00e9los \u00e9lectriques<\/li><\/ul><\/li><li>Large store banne pour pour profiter de l&#8217;ombre<\/li><li>Plancha au gaz pour pouvoir cuisiner au grand air<\/li><li>2 relax pour les bains de soleil<\/li><li>Une grande table stable et solide pour prendre vos repas<\/li><li>1 panneau solaire pour la recharge de la batterie 210A lithium permettant de vivre en 100% autonomie en dehors des campings ou des aires am\u00e9nag\u00e9es<\/li><li>Convertisseur 12\/220V pour faire fonctionner tous vos appareils 220 m\u00eame sans \u00eatre branch\u00e9 au secteur.<\/li><li>Eclairage LED ext\u00e9rieur pour les soir\u00e9es douces<\/li><li>2 cales de mise \u00e0 niveau pour que Fillmore soit \u00e0 l&#8217;horizontal pour passer la nuit<\/li><li>La bonbonne de gaz est au LPG ce qui permet de faire le plein dans n&#8217;importe quelle station essence en branchant directement le pistolet sur l&#8217;embout. Pas de manipulation de bouteille, elle reste en place.<\/li><li>Allonge \u00e9lectrique de 25m, domino 3 prises, adaptateur pour le 220V<\/li><li>Tuyau d&#8217;eau avec embouts pour faire le plein d&#8217;eau propre<\/li><li>Vaisselle et couverts en 6 ou 8 pi\u00e8ces pour ne pas avoir \u00e0 faire la vaisselle \u00e0 chaque repas<\/li><li>Les casseroles, po\u00eales, cafeti\u00e8re italienne,&#8230; Tout ce qu&#8217;il faut pour cuisiner.<\/li><li>Micro-ondes qui fonctionne partout gr\u00e2ce au convertisseur 12-220V<\/li><\/ul>\n\n\n\n<p><\/p>\n","protected":false},"excerpt":{"rendered":"<p>Fillmore est le camping car de notre famille. A ce titre, il est \u00e9quip\u00e9 de tout ce qui est n\u00e9cessaire pour passer agr\u00e9ablement les vacances. Tous ces \u00e9quipements sont compris dans la location et accompagnent Fillmore dans tous ses d\u00e9placements. Les \u00e9quipements Porte 4 v\u00e9los pour un poids de chargement de max 60Kg ce qui [&hellip;]<\/p>\n","protected":false},"author":1,"featured_media":0,"parent":0,"menu_order":2,"comment_status":"closed","ping_status":"closed","template":"","meta":[],"_links":{"self":[{"href":"https:\/\/fillmoreevasion.be\/index.php?rest_route=\/wp\/v2\/pages\/166"}],"collection":[{"href":"https:\/\/fillmoreevasion.be\/index.php?rest_route=\/wp\/v2\/pages"}],"about":[{"href":"https:\/\/fillmoreevasion.be\/index.php?rest_route=\/wp\/v2\/types\/page"}],"author":[{"embeddable":true,"href":"https:\/\/fillmoreevasion.be\/index.php?rest_route=\/wp\/v2\/users\/1"}],"replies":[{"embeddable":true,"href":"https:\/\/fillmoreevasion.be\/index.php?rest_route=%2Fwp%2Fv2%2Fcomments&post=166"}],"version-history":[{"count":19,"href":"https:\/\/fillmoreevasion.be\/index.php?rest_route=\/wp\/v2\/pages\/166\/revisions"}],"predecessor-version":[{"id":853,"href":"https:\/\/fillmoreevasion.be\/index.php?rest_route=\/wp\/v2\/pages\/166\/revisions\/853"}],"wp:attachment":[{"href":"https:\/\/fillmoreevasion.be\/index.php?rest_route=%2Fwp%2Fv2%2Fmedia&parent=166"}],"curies":[{"name":"wp","href":"https:\/\/api.w.org\/{rel}","templated":true}]}}